umber?
False
Is 998879 a composite number?
True
Is 423733819 composite?
True
Is 23504219 prime?
True
Is 204509401 a prime number?
True
Is 525869 composite?
False
Is 944538629 a composite number?
False
Is 8974811 composite?
False
Is 35434303 composite?
True
Is 45595621 composite?
True
Is 13463581 a prime number?
False
Is 639960757 a composite number?
False
Is 31213834 a composite number?
True
Is 3695257 composite?
False
Is 2160409 a composite number?
False
Is 191376737 prime?
False
Is 12182987 composite?
True
Is 76716287 a composite number?
False
Is 3664069 a prime number?
True
Is 738811 a composite number?
False
Is 5755003 composite?
True
Is 1800577 a prime number?
True
Is 155516233 a prime number?
True
Is 46595063 a prime number?
True
Is 1470635 a prime number?
False
Is 4790699 a prime number?
True
Is 18552803 prime?
True
Is 188749807 a prime number?
True
Is 5362853 a composite number?
False
Is 5321837 prime?
True
Is 7673077 a composite number?
True
Is 549297299 composite?
True
Is 1748393 a composite number?
True
Is 3309038 a prime number?
False
Is 4640717 a prime number?
True
Is 1224389 composite?
False
Is 5870813 a prime number?
False
Is 709133 a composite number?
True
Is 414364855 prime?
False
Is 6543535 prime?
False
Is 4501379 a composite number?
True
Is 420803767 a composite number?
False
Is 3138209 a prime number?
True
Is 82889687 a composite number?
False
Is 55747481 prime?
False
Is 10105661 prime?
True
Is 335965819 composite?
True
Is 31931617 prime?
True
Is 92151139 a composite number?
True
Is 16480433 composite?
False
Is 8926681 composite?
False
Is 35174159 a prime number?
False
Is 65688019 a prime number?
False
Is 5723951 a prime number?
False
Is 31472965 prime?
False
Is 703838 composite?
True
Is 54695869 a prime number?
True
Is 1708639 composite?
False
Is 8262857 a composite number?
False
Is 490862459 a composite number?
False
Is 32135369 composite?
True
Is 198295921 prime?
False
Is 8449223 composite?
False
Is 135108667 a composite number?
False
Is 1157053 a composite number?
False
Is 9268099 composite?
False
Is 222615121 prime?
False
Is 1312352365 composite?
True
Is 195890557 a composite number?
False
Is 2161164581 composite?
False
Is 8770919 a composite number?
True
Is 13130947 a composite number?
True
Is 47486057 composite?
True
Is 111139363 a composite number?
False
Is 5389022 a prime number?
False
Is 5966599 a prime number?
True
Is 19874401 a composite number?
False
Is 9874313 prime?
True
Is 38545859 a prime number?
False
Is 17216971 prime?
False
Is 4105457 prime?
True
Is 12410257 prime?
True
Is 50117603 a composite number?
False
Is 4866139 composite?
False
Is 24805919 prime?
True
Is 19961749 composite?
True
Is 18397831 prime?
False
Is 11339633 a prime number?
True
Is 8464559 a composite number?
True
Is 26155 a composite number?
True
Is 3170983 composite?
False
Is 46313857 a prime number?
True
Is 12101659 prime?
True
Is 943879 a composite number?
True
Is 46575451 a prime number?
False
Is 257244965 composite?
True
Is 6735397 a composite number?
False
Is 50151967 composite?
False
Is 79885711 a prime number?
True
Is 1331207 a prime number?
True
Is 456567 composite?
True
Is 19359697 composite?
True
Is 305742067 composite?
False
Is 473332463 prime?
False
Is 1581223 composite?
True
Is 1129971 composite?
True
Is 61402373 prime?
True
Is 36564205 a composite number?
True
Is 142768837 prime?
False
Is 2593498 prime?
False
Is 21600613 a prime number?
True
Is 738233 composite?
True
Is 16699211 composite?
False
Is 333817 prime?
False
Is 12141259 a prime number?
False
Is 4291817 a composite number?
True
Is 335047 prime?
True
Is 3351743 a composite number?
False
Is 46039253 a composite number?
True
Is 105327497 prime?
False
Is 4505993 composite?
False
Is 132063077 a composite number?
False
Is 915247 a composite number?
False
Is 83142853 composite?
True
Is 3347959 composite?
False
Is 56574751 a prime number?
True
Is 18027491 a composite number?
False
Is 8942513 prime?
False
Is 1593149 a composite number?
False
Is 2148161 a composite number?
True
Is 2402086 composite?
True
Is 58745177 a composite number?
False
Is 1194157 a composite number?
False
Is 15140383 a prime number?
False
Is 8589167 composite?
False
Is 2310829 a composite number?
True
Is 98133733 a prime number?
True
Is 311806477 a composite number?
False
Is 20126983 a composite number?
False
Is 219071893 a composite number?
True
Is 112473203 prime?
False
Is 193009397 a composite number?
True
Is 21129659 a prime number?
False
Is 15057307 prime?
False
Is 8786873 a composite number?
True
Is 179378999 a prime number?
True
Is 464909 a composite number?
False
Is 10223 a composite number?
False
Is 32701453 a prime number?
True
Is 6647939 a prime number?
True
Is 6360247 composite?
False
Is 47779181 a composite number?
False
Is 2092697 a composite number?
True
Is 5075453 a composite number?
False
Is 142078099 a composite number?
False
Is 5386921 a composite number?
False
Is 177315373 a composite number?
False
Is 13177271 a prime number?
True
Is 10301543 a composite number?
True
Is 8009783 a composite number?
True
Is 299679277 a prime number?
False
Is 154232735 composite?
True
Is 165457 a composite number?
False
Is 22328597 a composite number?
False
Is 102115901 a prime number?
True
Is 21564001 a composite number?
False
Is 4947071 a prime number?
False
Is 40024489 composite?
False
Is 6576953 prime?
False
Is 5058917 a composite number?
False
Is 32616877 a prime number?
True
Is 59481337 composite?
False
Is 301701571 a composite number?
False
Is 396697241 a composite number?
True
Is 37382467 a composite number?
False
Is 157507439 prime?
False
Is 1027943 a prime number?
False
Is 255082819 a prime number?
True
Is 426725227 a prime number?
False
Is 71263271 a prime number?
True
Is 58114569 a prime number?
False
Is 4280249 a composite number?
False
Is 478457 composite?
True
Is 60220723 prime?
True
Is 52824413 a composite number?
True
Is 104247401 a prime number?
False
Is 1512001 composite?
True
Is 231405211 a composite number?
False
Is 2445017 a prime number?
False
Is 833477 a prime number?
True
Is 9771763 a composite number?
False
Is 36408641 a composite number?
True
Is 30840827 a prime number?
False
Is 4537909 a composite number?
False
Is 840019 prime?
False
Is 263367505 a prime number?
False
Is 1849565 a prime number?
False
Is 6906853 a composite number?
False
Is 473672218 prime?
False
Is 488077 a composite number?
True
Is 45039245 composite?
True
Is 97397 composite?
False
Is 2036707 a prime number?
False
Is 25421687 composite?
False
Is 212983853 composite?
True
Is 14016203 composite?
False
Is 27280391 composite?
False
Is 809987681 a composite number?
True
Is 890007 a prime number?
False
Is 59960749 prime?
True
Is 75867763 prime?
True
Is 156748723 prime?
True
Is 390565363 prime?
True
Is 5817467 composite?
False
Is 193417886 a composite number?
True
Is 15990937 a composite number?
True
Is 3682501 a prime number?
True
Is 31101541 a composite number?
True
Is 311533 composite?
False
Is 623239 composite?
True
Is 547109687 a prime number?
True
Is 222269 a prime number?
True
Is 84730949 prime?
True
Is 2448851 a composite number?
False
Is 34735339 a composite number?
True
Is 867211 prime?
True
Is 10874231 a composite number?
True
Is 1297 prime?
True
Is 86085187 a prime number?
True
Is 844757 a prime number?
True
Is 933389 a composite number?
False
Is 1615259 composite?
True
Is 10130969 prime?
True
Is 2617873 a composite number?
False
Is 4031683 a composite number?
True
Is 67262066 a composite number?
True
Is 9866257 a prime number?
False
Is 8728761 composite?
True
Is 35982017 prime?
False
Is 1658711 a prime number?
True
Is 11789131 a composite number?
False
Is 121686679 composite?
False
Is 10867379 a composite number?
False
Is 354119923 composite?
False
Is 7687877 a composite number?
True
Is 1244168671 composite?
False
Is 3598061 a composite number?
False
Is 35173661 prime?
True
Is 131342191 composite?
False
Is 26550187 prime?
True
Is 9400103 a composite number?
False
Is 75172709 a prime number?
False
Is 1736647 a composite number?
True
Is 75202339 a prime number?
False
Is 6834413 prime?
False
Is 153860851 a prime number?
False
Is 9931217 a composite number?
True
Is 181494371 a prime number?
True
Is 49